[INFO] fetching crate sparkey 0.1.0...
[INFO] checking sparkey-0.1.0 against master#cfbc6d4cf1acbac5c025acf8ed68929caa551df3 for pr-75494-beta
[INFO] extracting crate sparkey 0.1.0 into /workspace/builds/worker-1/source
[INFO] validating manifest of crates.io crate sparkey 0.1.0 on toolchain cfbc6d4cf1acbac5c025acf8ed68929caa551df3
[INFO] running `Command { std: "/workspace/cargo-home/bin/cargo" "+cfbc6d4cf1acbac5c025acf8ed68929caa551df3" "read-manifest" "--manifest-path" "Cargo.toml", kill_on_drop: false }`
[INFO] started tweaking crates.io crate sparkey 0.1.0
[INFO] removed path dependency sparkey-sys from crates.io crate sparkey 0.1.0
[INFO] finished tweaking crates.io crate sparkey 0.1.0
[INFO] tweaked toml for crates.io crate sparkey 0.1.0 written to /workspace/builds/worker-1/source/Cargo.toml
[INFO] running `Command { std: "/workspace/cargo-home/bin/cargo" "+cfbc6d4cf1acbac5c025acf8ed68929caa551df3" "generate-lockfile" "--manifest-path" "Cargo.toml" "-Zno-index-update", kill_on_drop: false }`
[INFO] running `Command { std: "/workspace/cargo-home/bin/cargo" "+cfbc6d4cf1acbac5c025acf8ed68929caa551df3" "fetch" "--locked" "--manifest-path" "Cargo.toml", kill_on_drop: false }`
[INFO] [stderr]  Downloading crates ...
[INFO] [stderr]   Downloaded sparkey-sys v0.1.1
[INFO] running `Command { std: "docker" "create" "-v" "/var/lib/crater-agent-workspace/builds/worker-1/target:/opt/rustwide/target:rw,Z" "-v" "/var/lib/crater-agent-workspace/builds/worker-1/source:/opt/rustwide/workdir:ro,Z" "-v" "/var/lib/crater-agent-workspace/cargo-home:/opt/rustwide/cargo-home:ro,Z" "-v" "/var/lib/crater-agent-workspace/rustup-home:/opt/rustwide/rustup-home:ro,Z" "-e" "SOURCE_DIR=/opt/rustwide/workdir" "-e" "CARGO_TARGET_DIR=/opt/rustwide/target" "-e" "CARGO_HOME=/opt/rustwide/cargo-home" "-e" "RUSTUP_HOME=/opt/rustwide/rustup-home" "-w" "/opt/rustwide/workdir" "-m" "1610612736" "--user" "0:0" "--network" "none" "rustops/crates-build-env@sha256:a636fd89d022f18117e1dc8fb37a0a009933cdbbe082814857f0e2024962d47c" "/opt/rustwide/cargo-home/bin/cargo" "+cfbc6d4cf1acbac5c025acf8ed68929caa551df3" "metadata" "--no-deps" "--format-version=1", kill_on_drop: false }`
[INFO] [stdout] bf7f32dff9d5d3900e5761ac47d6c62d6b66e41aab8f2e5d6905af85185c34f9
[INFO] [stderr] WARNING: Your kernel does not support swap limit capabilities or the cgroup is not mounted. Memory limited without swap.
[INFO] running `Command { std: "docker" "start" "-a" "bf7f32dff9d5d3900e5761ac47d6c62d6b66e41aab8f2e5d6905af85185c34f9", kill_on_drop: false }`
[INFO] running `Command { std: "docker" "inspect" "bf7f32dff9d5d3900e5761ac47d6c62d6b66e41aab8f2e5d6905af85185c34f9", kill_on_drop: false }`
[INFO] running `Command { std: "docker" "rm" "-f" "bf7f32dff9d5d3900e5761ac47d6c62d6b66e41aab8f2e5d6905af85185c34f9", kill_on_drop: false }`
[INFO] [stdout] bf7f32dff9d5d3900e5761ac47d6c62d6b66e41aab8f2e5d6905af85185c34f9
[INFO] running `Command { std: "docker" "create" "-v" "/var/lib/crater-agent-workspace/builds/worker-1/target:/opt/rustwide/target:rw,Z" "-v" "/var/lib/crater-agent-workspace/builds/worker-1/source:/opt/rustwide/workdir:ro,Z" "-v" "/var/lib/crater-agent-workspace/cargo-home:/opt/rustwide/cargo-home:ro,Z" "-v" "/var/lib/crater-agent-workspace/rustup-home:/opt/rustwide/rustup-home:ro,Z" "-e" "SOURCE_DIR=/opt/rustwide/workdir" "-e" "CARGO_TARGET_DIR=/opt/rustwide/target" "-e" "CARGO_INCREMENTAL=0" "-e" "RUST_BACKTRACE=full" "-e" "RUSTFLAGS=--cap-lints=forbid" "-e" "CARGO_HOME=/opt/rustwide/cargo-home" "-e" "RUSTUP_HOME=/opt/rustwide/rustup-home" "-w" "/opt/rustwide/workdir" "-m" "1610612736" "--user" "0:0" "--network" "none" "rustops/crates-build-env@sha256:a636fd89d022f18117e1dc8fb37a0a009933cdbbe082814857f0e2024962d47c" "/opt/rustwide/cargo-home/bin/cargo" "+cfbc6d4cf1acbac5c025acf8ed68929caa551df3" "check" "--frozen" "--all" "--all-targets" "--message-format=json", kill_on_drop: false }`
[INFO] [stdout] 1db43d3aaa40d7c6d7844603a365d94c557b407e317e17723df61db5e7615fc4
[INFO] [stderr] WARNING: Your kernel does not support swap limit capabilities or the cgroup is not mounted. Memory limited without swap.
[INFO] running `Command { std: "docker" "start" "-a" "1db43d3aaa40d7c6d7844603a365d94c557b407e317e17723df61db5e7615fc4", kill_on_drop: false }`
[INFO] [stderr]    Compiling gcc v0.3.55
[INFO] [stderr]     Checking rand v0.4.6
[INFO] [stderr]     Checking backtrace v0.3.50
[INFO] [stderr]     Checking error-chain v0.7.2
[INFO] [stderr]     Checking tempdir v0.3.7
[INFO] [stderr]    Compiling sparkey-sys v0.1.1
[INFO] [stderr] The following warnings were emitted during compilation:
[INFO] [stderr] 
[INFO] [stderr] warning: sparkey/src/MurmurHash3.c: In function 'MurmurHash3_x86_32':
[INFO] [stderr] warning: sparkey/src/MurmurHash3.c:133:14: warning: this statement may fall through [-Wimplicit-fallthrough=]
[INFO] [stderr] warning:   133 |   case 3: k1 ^= tail[2] << 16;
[INFO] [stderr] warning:       |           ~~~^~~~~~~~~~~~~~~~
[INFO] [stderr] warning: sparkey/src/MurmurHash3.c:134:3: note: here
[INFO] [stderr] warning:   134 |   case 2: k1 ^= tail[1] << 8;
[INFO] [stderr] warning:       |   ^~~~
[INFO] [stderr] warning: sparkey/src/MurmurHash3.c:134:14: warning: this statement may fall through [-Wimplicit-fallthrough=]
[INFO] [stderr] warning:   134 |   case 2: k1 ^= tail[1] << 8;
[INFO] [stderr] warning:       |           ~~~^~~~~~~~~~~~~~~
[INFO] [stderr] warning: sparkey/src/MurmurHash3.c:135:3: note: here
[INFO] [stderr] warning:   135 |   case 1: k1 ^= tail[0];
[INFO] [stderr] warning:       |   ^~~~
[INFO] [stderr] warning: sparkey/src/MurmurHash3.c: In function 'MurmurHash3_x86_128':
[INFO] [stderr] warning: sparkey/src/MurmurHash3.c:208:15: warning: this statement may fall through [-Wimplicit-fallthrough=]
[INFO] [stderr] warning:   208 |   case 15: k4 ^= tail[14] << 16;
[INFO] [stderr] warning:       |            ~~~^~~~~~~~~~~~~~~~~
[INFO] [stderr] warning: sparkey/src/MurmurHash3.c:209:3: note: here
[INFO] [stderr] warning:   209 |   case 14: k4 ^= tail[13] << 8;
[INFO] [stderr] warning:       |   ^~~~
[INFO] [stderr] warning: sparkey/src/MurmurHash3.c:209:15: warning: this statement may fall through [-Wimplicit-fallthrough=]
[INFO] [stderr] warning:   209 |   case 14: k4 ^= tail[13] << 8;
[INFO] [stderr] warning:       |            ~~~^~~~~~~~~~~~~~~~
[INFO] [stderr] warning: sparkey/src/MurmurHash3.c:210:3: note: here
[INFO] [stderr] warning:   210 |   case 13: k4 ^= tail[12] << 0;
[INFO] [stderr] warning:       |   ^~~~
[INFO] [stderr] warning: sparkey/src/MurmurHash3.c:211:56: warning: this statement may fall through [-Wimplicit-fallthrough=]
[INFO] [stderr] warning:   211 |            k4 *= c4; k4  = ROTL32(k4,18); k4 *= c1; h4 ^= k4;
[INFO] [stderr] warning:       |                                                     ~~~^~~~~
[INFO] [stderr] warning: sparkey/src/MurmurHash3.c:213:3: note: here
[INFO] [stderr] warning:   213 |   case 12: k3 ^= tail[11] << 24;
[INFO] [stderr] warning:       |   ^~~~
[INFO] [stderr] warning: sparkey/src/MurmurHash3.c:213:15: warning: this statement may fall through [-Wimplicit-fallthrough=]
[INFO] [stderr] warning:   213 |   case 12: k3 ^= tail[11] << 24;
[INFO] [stderr] warning:       |            ~~~^~~~~~~~~~~~~~~~~
[INFO] [stderr] warning: sparkey/src/MurmurHash3.c:214:3: note: here
[INFO] [stderr] warning:   214 |   case 11: k3 ^= tail[10] << 16;
[INFO] [stderr] warning:       |   ^~~~
[INFO] [stderr] warning: sparkey/src/MurmurHash3.c:214:15: warning: this statement may fall through [-Wimplicit-fallthrough=]
[INFO] [stderr] warning:   214 |   case 11: k3 ^= tail[10] << 16;
[INFO] [stderr] warning:       |            ~~~^~~~~~~~~~~~~~~~~
[INFO] [stderr] warning: sparkey/src/MurmurHash3.c:215:3: note: here
[INFO] [stderr] warning:   215 |   case 10: k3 ^= tail[ 9] << 8;
[INFO] [stderr] warning:       |   ^~~~
[INFO] [stderr] warning: sparkey/src/MurmurHash3.c:215:15: warning: this statement may fall through [-Wimplicit-fallthrough=]
[INFO] [stderr] warning:   215 |   case 10: k3 ^= tail[ 9] << 8;
[INFO] [stderr] warning:       |            ~~~^~~~~~~~~~~~~~~~
[INFO] [stderr] warning: sparkey/src/MurmurHash3.c:216:3: note: here
[INFO] [stderr] warning:   216 |   case  9: k3 ^= tail[ 8] << 0;
[INFO] [stderr] warning:       |   ^~~~
[INFO] [stderr] warning: sparkey/src/MurmurHash3.c:217:56: warning: this statement may fall through [-Wimplicit-fallthrough=]
[INFO] [stderr] warning:   217 |            k3 *= c3; k3  = ROTL32(k3,17); k3 *= c4; h3 ^= k3;
[INFO] [stderr] warning:       |                                                     ~~~^~~~~
[INFO] [stderr] warning: sparkey/src/MurmurHash3.c:219:3: note: here
[INFO] [stderr] warning:   219 |   case  8: k2 ^= tail[ 7] << 24;
[INFO] [stderr] warning:       |   ^~~~
[INFO] [stderr] warning: sparkey/src/MurmurHash3.c:219:15: warning: this statement may fall through [-Wimplicit-fallthrough=]
[INFO] [stderr] warning:   219 |   case  8: k2 ^= tail[ 7] << 24;
[INFO] [stderr] warning:       |            ~~~^~~~~~~~~~~~~~~~~
[INFO] [stderr] warning: sparkey/src/MurmurHash3.c:220:3: note: here
[INFO] [stderr] warning:   220 |   case  7: k2 ^= tail[ 6] << 16;
[INFO] [stderr] warning:       |   ^~~~
[INFO] [stderr] warning: sparkey/src/MurmurHash3.c:220:15: warning: this statement may fall through [-Wimplicit-fallthrough=]
[INFO] [stderr] warning:   220 |   case  7: k2 ^= tail[ 6] << 16;
[INFO] [stderr] warning:       |            ~~~^~~~~~~~~~~~~~~~~
[INFO] [stderr] warning: sparkey/src/MurmurHash3.c:221:3: note: here
[INFO] [stderr] warning:   221 |   case  6: k2 ^= tail[ 5] << 8;
[INFO] [stderr] warning:       |   ^~~~
[INFO] [stderr] warning: sparkey/src/MurmurHash3.c:221:15: warning: this statement may fall through [-Wimplicit-fallthrough=]
[INFO] [stderr] warning:   221 |   case  6: k2 ^= tail[ 5] << 8;
[INFO] [stderr] warning:       |            ~~~^~~~~~~~~~~~~~~~
[INFO] [stderr] warning: sparkey/src/MurmurHash3.c:222:3: note: here
[INFO] [stderr] warning:   222 |   case  5: k2 ^= tail[ 4] << 0;
[INFO] [stderr] warning:       |   ^~~~
[INFO] [stderr] warning: sparkey/src/MurmurHash3.c:223:56: warning: this statement may fall through [-Wimplicit-fallthrough=]
[INFO] [stderr] warning:   223 |            k2 *= c2; k2  = ROTL32(k2,16); k2 *= c3; h2 ^= k2;
[INFO] [stderr] warning:       |                                                     ~~~^~~~~
[INFO] [stderr] warning: sparkey/src/MurmurHash3.c:225:3: note: here
[INFO] [stderr] warning:   225 |   case  4: k1 ^= tail[ 3] << 24;
[INFO] [stderr] warning:       |   ^~~~
[INFO] [stderr] warning: sparkey/src/MurmurHash3.c:225:15: warning: this statement may fall through [-Wimplicit-fallthrough=]
[INFO] [stderr] warning:   225 |   case  4: k1 ^= tail[ 3] << 24;
[INFO] [stderr] warning:       |            ~~~^~~~~~~~~~~~~~~~~
[INFO] [stderr] warning: sparkey/src/MurmurHash3.c:226:3: note: here
[INFO] [stderr] warning:   226 |   case  3: k1 ^= tail[ 2] << 16;
[INFO] [stderr] warning:       |   ^~~~
[INFO] [stderr] warning: sparkey/src/MurmurHash3.c:226:15: warning: this statement may fall through [-Wimplicit-fallthrough=]
[INFO] [stderr] warning:   226 |   case  3: k1 ^= tail[ 2] << 16;
[INFO] [stderr] warning:       |            ~~~^~~~~~~~~~~~~~~~~
[INFO] [stderr] warning: sparkey/src/MurmurHash3.c:227:3: note: here
[INFO] [stderr] warning:   227 |   case  2: k1 ^= tail[ 1] << 8;
[INFO] [stderr] warning:       |   ^~~~
[INFO] [stderr] warning: sparkey/src/MurmurHash3.c:227:15: warning: this statement may fall through [-Wimplicit-fallthrough=]
[INFO] [stderr] warning:   227 |   case  2: k1 ^= tail[ 1] << 8;
[INFO] [stderr] warning:       |            ~~~^~~~~~~~~~~~~~~~
[INFO] [stderr] warning: sparkey/src/MurmurHash3.c:228:3: note: here
[INFO] [stderr] warning:   228 |   case  1: k1 ^= tail[ 0] << 0;
[INFO] [stderr] warning:       |   ^~~~
[INFO] [stderr] warning: sparkey/src/MurmurHash3.c: In function 'MurmurHash3_x64_128':
[INFO] [stderr] warning: sparkey/src/MurmurHash3.c:297:15: warning: this statement may fall through [-Wimplicit-fallthrough=]
[INFO] [stderr] warning:   297 |   case 15: k2 ^= ((uint64_t)tail[14]) << 48;
[INFO] [stderr] warning:       |            ~~~^~~~~~~~~~~~~~~~~~~~~~~~~~~~~
[INFO] [stderr] warning: sparkey/src/MurmurHash3.c:298:3: note: here
[INFO] [stderr] warning:   298 |   case 14: k2 ^= ((uint64_t)tail[13]) << 40;
[INFO] [stderr] warning:       |   ^~~~
[INFO] [stderr] warning: sparkey/src/MurmurHash3.c:298:15: warning: this statement may fall through [-Wimplicit-fallthrough=]
[INFO] [stderr] warning:   298 |   case 14: k2 ^= ((uint64_t)tail[13]) << 40;
[INFO] [stderr] warning:       |            ~~~^~~~~~~~~~~~~~~~~~~~~~~~~~~~~
[INFO] [stderr] warning: sparkey/src/MurmurHash3.c:299:3: note: here
[INFO] [stderr] warning:   299 |   case 13: k2 ^= ((uint64_t)tail[12]) << 32;
[INFO] [stderr] warning:       |   ^~~~
[INFO] [stderr] warning: sparkey/src/MurmurHash3.c:299:15: warning: this statement may fall through [-Wimplicit-fallthrough=]
[INFO] [stderr] warning:   299 |   case 13: k2 ^= ((uint64_t)tail[12]) << 32;
[INFO] [stderr] warning:       |            ~~~^~~~~~~~~~~~~~~~~~~~~~~~~~~~~
[INFO] [stderr] warning: sparkey/src/MurmurHash3.c:300:3: note: here
[INFO] [stderr] warning:   300 |   case 12: k2 ^= ((uint64_t)tail[11]) << 24;
[INFO] [stderr] warning:       |   ^~~~
[INFO] [stderr] warning: sparkey/src/MurmurHash3.c:300:15: warning: this statement may fall through [-Wimplicit-fallthrough=]
[INFO] [stderr] warning:   300 |   case 12: k2 ^= ((uint64_t)tail[11]) << 24;
[INFO] [stderr] warning:       |            ~~~^~~~~~~~~~~~~~~~~~~~~~~~~~~~~
[INFO] [stderr] warning: sparkey/src/MurmurHash3.c:301:3: note: here
[INFO] [stderr] warning:   301 |   case 11: k2 ^= ((uint64_t)tail[10]) << 16;
[INFO] [stderr] warning:       |   ^~~~
[INFO] [stderr] warning: sparkey/src/MurmurHash3.c:301:15: warning: this statement may fall through [-Wimplicit-fallthrough=]
[INFO] [stderr] warning:   301 |   case 11: k2 ^= ((uint64_t)tail[10]) << 16;
[INFO] [stderr] warning:       |            ~~~^~~~~~~~~~~~~~~~~~~~~~~~~~~~~
[INFO] [stderr] warning: sparkey/src/MurmurHash3.c:302:3: note: here
[INFO] [stderr] warning:   302 |   case 10: k2 ^= ((uint64_t)tail[ 9]) << 8;
[INFO] [stderr] warning:       |   ^~~~
[INFO] [stderr] warning: sparkey/src/MurmurHash3.c:302:15: warning: this statement may fall through [-Wimplicit-fallthrough=]
[INFO] [stderr] warning:   302 |   case 10: k2 ^= ((uint64_t)tail[ 9]) << 8;
[INFO] [stderr] warning:       |            ~~~^~~~~~~~~~~~~~~~~~~~~~~~~~~~
[INFO] [stderr] warning: sparkey/src/MurmurHash3.c:303:3: note: here
[INFO] [stderr] warning:   303 |   case  9: k2 ^= ((uint64_t)tail[ 8]) << 0;
[INFO] [stderr] warning:       |   ^~~~
[INFO] [stderr] warning: sparkey/src/MurmurHash3.c:304:56: warning: this statement may fall through [-Wimplicit-fallthrough=]
[INFO] [stderr] warning:   304 |            k2 *= c2; k2  = ROTL64(k2,33); k2 *= c1; h2 ^= k2;
[INFO] [stderr] warning:       |                                                     ~~~^~~~~
[INFO] [stderr] warning: sparkey/src/MurmurHash3.c:306:3: note: here
[INFO] [stderr] warning:   306 |   case  8: k1 ^= ((uint64_t)tail[ 7]) << 56;
[INFO] [stderr] warning:       |   ^~~~
[INFO] [stderr] warning: sparkey/src/MurmurHash3.c:306:15: warning: this statement may fall through [-Wimplicit-fallthrough=]
[INFO] [stderr] warning:   306 |   case  8: k1 ^= ((uint64_t)tail[ 7]) << 56;
[INFO] [stderr] warning:       |            ~~~^~~~~~~~~~~~~~~~~~~~~~~~~~~~~
[INFO] [stderr] warning: sparkey/src/MurmurHash3.c:307:3: note: here
[INFO] [stderr] warning:   307 |   case  7: k1 ^= ((uint64_t)tail[ 6]) << 48;
[INFO] [stderr] warning:       |   ^~~~
[INFO] [stderr] warning: sparkey/src/MurmurHash3.c:307:15: warning: this statement may fall through [-Wimplicit-fallthrough=]
[INFO] [stderr] warning:   307 |   case  7: k1 ^= ((uint64_t)tail[ 6]) << 48;
[INFO] [stderr] warning:       |            ~~~^~~~~~~~~~~~~~~~~~~~~~~~~~~~~
[INFO] [stderr] warning: sparkey/src/MurmurHash3.c:308:3: note: here
[INFO] [stderr] warning:   308 |   case  6: k1 ^= ((uint64_t)tail[ 5]) << 40;
[INFO] [stderr] warning:       |   ^~~~
[INFO] [stderr] warning: sparkey/src/MurmurHash3.c:308:15: warning: this statement may fall through [-Wimplicit-fallthrough=]
[INFO] [stderr] warning:   308 |   case  6: k1 ^= ((uint64_t)tail[ 5]) << 40;
[INFO] [stderr] warning:       |            ~~~^~~~~~~~~~~~~~~~~~~~~~~~~~~~~
[INFO] [stderr] warning: sparkey/src/MurmurHash3.c:309:3: note: here
[INFO] [stderr] warning:   309 |   case  5: k1 ^= ((uint64_t)tail[ 4]) << 32;
[INFO] [stderr] warning:       |   ^~~~
[INFO] [stderr] warning: sparkey/src/MurmurHash3.c:309:15: warning: this statement may fall through [-Wimplicit-fallthrough=]
[INFO] [stderr] warning:   309 |   case  5: k1 ^= ((uint64_t)tail[ 4]) << 32;
[INFO] [stderr] warning:       |            ~~~^~~~~~~~~~~~~~~~~~~~~~~~~~~~~
[INFO] [stderr] warning: sparkey/src/MurmurHash3.c:310:3: note: here
[INFO] [stderr] warning:   310 |   case  4: k1 ^= ((uint64_t)tail[ 3]) << 24;
[INFO] [stderr] warning:       |   ^~~~
[INFO] [stderr] warning: sparkey/src/MurmurHash3.c:310:15: warning: this statement may fall through [-Wimplicit-fallthrough=]
[INFO] [stderr] warning:   310 |   case  4: k1 ^= ((uint64_t)tail[ 3]) << 24;
[INFO] [stderr] warning:       |            ~~~^~~~~~~~~~~~~~~~~~~~~~~~~~~~~
[INFO] [stderr] warning: sparkey/src/MurmurHash3.c:311:3: note: here
[INFO] [stderr] warning:   311 |   case  3: k1 ^= ((uint64_t)tail[ 2]) << 16;
[INFO] [stderr] warning:       |   ^~~~
[INFO] [stderr] warning: sparkey/src/MurmurHash3.c:311:15: warning: this statement may fall through [-Wimplicit-fallthrough=]
[INFO] [stderr] warning:   311 |   case  3: k1 ^= ((uint64_t)tail[ 2]) << 16;
[INFO] [stderr] warning:       |            ~~~^~~~~~~~~~~~~~~~~~~~~~~~~~~~~
[INFO] [stderr] warning: sparkey/src/MurmurHash3.c:312:3: note: here
[INFO] [stderr] warning:   312 |   case  2: k1 ^= ((uint64_t)tail[ 1]) << 8;
[INFO] [stderr] warning:       |   ^~~~
[INFO] [stderr] warning: sparkey/src/MurmurHash3.c:312:15: warning: this statement may fall through [-Wimplicit-fallthrough=]
[INFO] [stderr] warning:   312 |   case  2: k1 ^= ((uint64_t)tail[ 1]) << 8;
[INFO] [stderr] warning:       |            ~~~^~~~~~~~~~~~~~~~~~~~~~~~~~~~
[INFO] [stderr] warning: sparkey/src/MurmurHash3.c:313:3: note: here
[INFO] [stderr] warning:   313 |   case  1: k1 ^= ((uint64_t)tail[ 0]) << 0;
[INFO] [stderr] warning:       |   ^~~~
[INFO] [stderr] warning: sparkey/src/logreader.c:24:10: fatal error: snappy-c.h: No such file or directory
[INFO] [stderr] warning:    24 | #include <snappy-c.h>
[INFO] [stderr] warning:       |          ^~~~~~~~~~~~
[INFO] [stderr] warning: compilation terminated.
[INFO] [stderr] 
[INFO] [stderr] error: failed to run custom build command for `sparkey-sys v0.1.1`
[INFO] [stderr] 
[INFO] [stderr] Caused by:
[INFO] [stderr]   process didn't exit successfully: `/opt/rustwide/target/debug/build/sparkey-sys-7dc5f181f2d97345/build-script-build` (exit code: 101)
[INFO] [stderr]   --- stdout
[INFO] [stderr]   cargo:rustc-link-lib=snappy
[INFO] [stderr]   TARGET = Some("x86_64-unknown-linux-gnu")
[INFO] [stderr]   OPT_LEVEL = Some("0")
[INFO] [stderr]   TARGET = Some("x86_64-unknown-linux-gnu")
[INFO] [stderr]   HOST = Some("x86_64-unknown-linux-gnu")
[INFO] [stderr]   TARGET = Some("x86_64-unknown-linux-gnu")
[INFO] [stderr]   TARGET = Some("x86_64-unknown-linux-gnu")
[INFO] [stderr]   HOST = Some("x86_64-unknown-linux-gnu")
[INFO] [stderr]   CC_x86_64-unknown-linux-gnu = None
[INFO] [stderr]   CC_x86_64_unknown_linux_gnu = None
[INFO] [stderr]   HOST_CC = None
[INFO] [stderr]   CC = None
[INFO] [stderr]   HOST = Some("x86_64-unknown-linux-gnu")
[INFO] [stderr]   TARGET = Some("x86_64-unknown-linux-gnu")
[INFO] [stderr]   HOST = Some("x86_64-unknown-linux-gnu")
[INFO] [stderr]   CFLAGS_x86_64-unknown-linux-gnu = None
[INFO] [stderr]   CFLAGS_x86_64_unknown_linux_gnu = None
[INFO] [stderr]   HOST_CFLAGS = None
[INFO] [stderr]   CFLAGS = None
[INFO] [stderr]   DEBUG = Some("true")
[INFO] [stderr]   running: "cc" "-O0" "-ffunction-sections" "-fdata-sections" "-fPIC" "-g" "-m64" "-I" "sparkey/src" "-std=c99" "-Wall" "-Wextra" "-o" "/opt/rustwide/target/debug/build/sparkey-sys-10a3ae4ab81fa78b/out/sparkey/src/MurmurHash3.o" "-c" "sparkey/src/MurmurHash3.c"
[INFO] [stderr]   cargo:warning=sparkey/src/MurmurHash3.c: In function 'MurmurHash3_x86_32':
[INFO] [stderr]   cargo:warning=sparkey/src/MurmurHash3.c:133:14: warning: this statement may fall through [-Wimplicit-fallthrough=]
[INFO] [stderr]   cargo:warning=  133 |   case 3: k1 ^= tail[2] << 16;
[INFO] [stderr]   cargo:warning=      |           ~~~^~~~~~~~~~~~~~~~
[INFO] [stderr]   cargo:warning=sparkey/src/MurmurHash3.c:134:3: note: here
[INFO] [stderr]   cargo:warning=  134 |   case 2: k1 ^= tail[1] << 8;
[INFO] [stderr]   cargo:warning=      |   ^~~~
[INFO] [stderr]   cargo:warning=sparkey/src/MurmurHash3.c:134:14: warning: this statement may fall through [-Wimplicit-fallthrough=]
[INFO] [stderr]   cargo:warning=  134 |   case 2: k1 ^= tail[1] << 8;
[INFO] [stderr]   cargo:warning=      |           ~~~^~~~~~~~~~~~~~~
[INFO] [stderr]   cargo:warning=sparkey/src/MurmurHash3.c:135:3: note: here
[INFO] [stderr]   cargo:warning=  135 |   case 1: k1 ^= tail[0];
[INFO] [stderr]   cargo:warning=      |   ^~~~
[INFO] [stderr]   cargo:warning=sparkey/src/MurmurHash3.c: In function 'MurmurHash3_x86_128':
[INFO] [stderr]   cargo:warning=sparkey/src/MurmurHash3.c:208:15: warning: this statement may fall through [-Wimplicit-fallthrough=]
[INFO] [stderr]   cargo:warning=  208 |   case 15: k4 ^= tail[14] << 16;
[INFO] [stderr]   cargo:warning=      |            ~~~^~~~~~~~~~~~~~~~~
[INFO] [stderr]   cargo:warning=sparkey/src/MurmurHash3.c:209:3: note: here
[INFO] [stderr]   cargo:warning=  209 |   case 14: k4 ^= tail[13] << 8;
[INFO] [stderr]   cargo:warning=      |   ^~~~
[INFO] [stderr]   cargo:warning=sparkey/src/MurmurHash3.c:209:15: warning: this statement may fall through [-Wimplicit-fallthrough=]
[INFO] [stderr]   cargo:warning=  209 |   case 14: k4 ^= tail[13] << 8;
[INFO] [stderr]   cargo:warning=      |            ~~~^~~~~~~~~~~~~~~~
[INFO] [stderr]   cargo:warning=sparkey/src/MurmurHash3.c:210:3: note: here
[INFO] [stderr]   cargo:warning=  210 |   case 13: k4 ^= tail[12] << 0;
[INFO] [stderr]   cargo:warning=      |   ^~~~
[INFO] [stderr]   cargo:warning=sparkey/src/MurmurHash3.c:211:56: warning: this statement may fall through [-Wimplicit-fallthrough=]
[INFO] [stderr]   cargo:warning=  211 |            k4 *= c4; k4  = ROTL32(k4,18); k4 *= c1; h4 ^= k4;
[INFO] [stderr]   cargo:warning=      |                                                     ~~~^~~~~
[INFO] [stderr]   cargo:warning=sparkey/src/MurmurHash3.c:213:3: note: here
[INFO] [stderr]   cargo:warning=  213 |   case 12: k3 ^= tail[11] << 24;
[INFO] [stderr]   cargo:warning=      |   ^~~~
[INFO] [stderr]   cargo:warning=sparkey/src/MurmurHash3.c:213:15: warning: this statement may fall through [-Wimplicit-fallthrough=]
[INFO] [stderr]   cargo:warning=  213 |   case 12: k3 ^= tail[11] << 24;
[INFO] [stderr]   cargo:warning=      |            ~~~^~~~~~~~~~~~~~~~~
[INFO] [stderr]   cargo:warning=sparkey/src/MurmurHash3.c:214:3: note: here
[INFO] [stderr]   cargo:warning=  214 |   case 11: k3 ^= tail[10] << 16;
[INFO] [stderr]   cargo:warning=      |   ^~~~
[INFO] [stderr]   cargo:warning=sparkey/src/MurmurHash3.c:214:15: warning: this statement may fall through [-Wimplicit-fallthrough=]
[INFO] [stderr]   cargo:warning=  214 |   case 11: k3 ^= tail[10] << 16;
[INFO] [stderr]   cargo:warning=      |            ~~~^~~~~~~~~~~~~~~~~
[INFO] [stderr]   cargo:warning=sparkey/src/MurmurHash3.c:215:3: note: here
[INFO] [stderr]   cargo:warning=  215 |   case 10: k3 ^= tail[ 9] << 8;
[INFO] [stderr]   cargo:warning=      |   ^~~~
[INFO] [stderr]   cargo:warning=sparkey/src/MurmurHash3.c:215:15: warning: this statement may fall through [-Wimplicit-fallthrough=]
[INFO] [stderr]   cargo:warning=  215 |   case 10: k3 ^= tail[ 9] << 8;
[INFO] [stderr]   cargo:warning=      |            ~~~^~~~~~~~~~~~~~~~
[INFO] [stderr]   cargo:warning=sparkey/src/MurmurHash3.c:216:3: note: here
[INFO] [stderr]   cargo:warning=  216 |   case  9: k3 ^= tail[ 8] << 0;
[INFO] [stderr]   cargo:warning=      |   ^~~~
[INFO] [stderr]   cargo:warning=sparkey/src/MurmurHash3.c:217:56: warning: this statement may fall through [-Wimplicit-fallthrough=]
[INFO] [stderr]   cargo:warning=  217 |            k3 *= c3; k3  = ROTL32(k3,17); k3 *= c4; h3 ^= k3;
[INFO] [stderr]   cargo:warning=      |                                                     ~~~^~~~~
[INFO] [stderr]   cargo:warning=sparkey/src/MurmurHash3.c:219:3: note: here
[INFO] [stderr]   cargo:warning=  219 |   case  8: k2 ^= tail[ 7] << 24;
[INFO] [stderr]   cargo:warning=      |   ^~~~
[INFO] [stderr]   cargo:warning=sparkey/src/MurmurHash3.c:219:15: warning: this statement may fall through [-Wimplicit-fallthrough=]
[INFO] [stderr]   cargo:warning=  219 |   case  8: k2 ^= tail[ 7] << 24;
[INFO] [stderr]   cargo:warning=      |            ~~~^~~~~~~~~~~~~~~~~
[INFO] [stderr]   cargo:warning=sparkey/src/MurmurHash3.c:220:3: note: here
[INFO] [stderr]   cargo:warning=  220 |   case  7: k2 ^= tail[ 6] << 16;
[INFO] [stderr]   cargo:warning=      |   ^~~~
[INFO] [stderr]   cargo:warning=sparkey/src/MurmurHash3.c:220:15: warning: this statement may fall through [-Wimplicit-fallthrough=]
[INFO] [stderr]   cargo:warning=  220 |   case  7: k2 ^= tail[ 6] << 16;
[INFO] [stderr]   cargo:warning=      |            ~~~^~~~~~~~~~~~~~~~~
[INFO] [stderr]   cargo:warning=sparkey/src/MurmurHash3.c:221:3: note: here
[INFO] [stderr]   cargo:warning=  221 |   case  6: k2 ^= tail[ 5] << 8;
[INFO] [stderr]   cargo:warning=      |   ^~~~
[INFO] [stderr]   cargo:warning=sparkey/src/MurmurHash3.c:221:15: warning: this statement may fall through [-Wimplicit-fallthrough=]
[INFO] [stderr]   cargo:warning=  221 |   case  6: k2 ^= tail[ 5] << 8;
[INFO] [stderr]   cargo:warning=      |            ~~~^~~~~~~~~~~~~~~~
[INFO] [stderr]   cargo:warning=sparkey/src/MurmurHash3.c:222:3: note: here
[INFO] [stderr]   cargo:warning=  222 |   case  5: k2 ^= tail[ 4] << 0;
[INFO] [stderr]   cargo:warning=      |   ^~~~
[INFO] [stderr]   cargo:warning=sparkey/src/MurmurHash3.c:223:56: warning: this statement may fall through [-Wimplicit-fallthrough=]
[INFO] [stderr]   cargo:warning=  223 |            k2 *= c2; k2  = ROTL32(k2,16); k2 *= c3; h2 ^= k2;
[INFO] [stderr]   cargo:warning=      |                                                     ~~~^~~~~
[INFO] [stderr]   cargo:warning=sparkey/src/MurmurHash3.c:225:3: note: here
[INFO] [stderr]   cargo:warning=  225 |   case  4: k1 ^= tail[ 3] << 24;
[INFO] [stderr]   cargo:warning=      |   ^~~~
[INFO] [stderr]   cargo:warning=sparkey/src/MurmurHash3.c:225:15: warning: this statement may fall through [-Wimplicit-fallthrough=]
[INFO] [stderr]   cargo:warning=  225 |   case  4: k1 ^= tail[ 3] << 24;
[INFO] [stderr]   cargo:warning=      |            ~~~^~~~~~~~~~~~~~~~~
[INFO] [stderr]   cargo:warning=sparkey/src/MurmurHash3.c:226:3: note: here
[INFO] [stderr]   cargo:warning=  226 |   case  3: k1 ^= tail[ 2] << 16;
[INFO] [stderr]   cargo:warning=      |   ^~~~
[INFO] [stderr]   cargo:warning=sparkey/src/MurmurHash3.c:226:15: warning: this statement may fall through [-Wimplicit-fallthrough=]
[INFO] [stderr]   cargo:warning=  226 |   case  3: k1 ^= tail[ 2] << 16;
[INFO] [stderr]   cargo:warning=      |            ~~~^~~~~~~~~~~~~~~~~
[INFO] [stderr]   cargo:warning=sparkey/src/MurmurHash3.c:227:3: note: here
[INFO] [stderr]   cargo:warning=  227 |   case  2: k1 ^= tail[ 1] << 8;
[INFO] [stderr]   cargo:warning=      |   ^~~~
[INFO] [stderr]   cargo:warning=sparkey/src/MurmurHash3.c:227:15: warning: this statement may fall through [-Wimplicit-fallthrough=]
[INFO] [stderr]   cargo:warning=  227 |   case  2: k1 ^= tail[ 1] << 8;
[INFO] [stderr]   cargo:warning=      |            ~~~^~~~~~~~~~~~~~~~
[INFO] [stderr]   cargo:warning=sparkey/src/MurmurHash3.c:228:3: note: here
[INFO] [stderr]   cargo:warning=  228 |   case  1: k1 ^= tail[ 0] << 0;
[INFO] [stderr]   cargo:warning=      |   ^~~~
[INFO] [stderr]   cargo:warning=sparkey/src/MurmurHash3.c: In function 'MurmurHash3_x64_128':
[INFO] [stderr]   cargo:warning=sparkey/src/MurmurHash3.c:297:15: warning: this statement may fall through [-Wimplicit-fallthrough=]
[INFO] [stderr]   cargo:warning=  297 |   case 15: k2 ^= ((uint64_t)tail[14]) << 48;
[INFO] [stderr]   cargo:warning=      |            ~~~^~~~~~~~~~~~~~~~~~~~~~~~~~~~~
[INFO] [stderr]   cargo:warning=sparkey/src/MurmurHash3.c:298:3: note: here
[INFO] [stderr]   cargo:warning=  298 |   case 14: k2 ^= ((uint64_t)tail[13]) << 40;
[INFO] [stderr]   cargo:warning=      |   ^~~~
[INFO] [stderr]   cargo:warning=sparkey/src/MurmurHash3.c:298:15: warning: this statement may fall through [-Wimplicit-fallthrough=]
[INFO] [stderr]   cargo:warning=  298 |   case 14: k2 ^= ((uint64_t)tail[13]) << 40;
[INFO] [stderr]   cargo:warning=      |            ~~~^~~~~~~~~~~~~~~~~~~~~~~~~~~~~
[INFO] [stderr]   cargo:warning=sparkey/src/MurmurHash3.c:299:3: note: here
[INFO] [stderr]   cargo:warning=  299 |   case 13: k2 ^= ((uint64_t)tail[12]) << 32;
[INFO] [stderr]   cargo:warning=      |   ^~~~
[INFO] [stderr]   cargo:warning=sparkey/src/MurmurHash3.c:299:15: warning: this statement may fall through [-Wimplicit-fallthrough=]
[INFO] [stderr]   cargo:warning=  299 |   case 13: k2 ^= ((uint64_t)tail[12]) << 32;
[INFO] [stderr]   cargo:warning=      |            ~~~^~~~~~~~~~~~~~~~~~~~~~~~~~~~~
[INFO] [stderr]   cargo:warning=sparkey/src/MurmurHash3.c:300:3: note: here
[INFO] [stderr]   cargo:warning=  300 |   case 12: k2 ^= ((uint64_t)tail[11]) << 24;
[INFO] [stderr]   cargo:warning=      |   ^~~~
[INFO] [stderr]   cargo:warning=sparkey/src/MurmurHash3.c:300:15: warning: this statement may fall through [-Wimplicit-fallthrough=]
[INFO] [stderr]   cargo:warning=  300 |   case 12: k2 ^= ((uint64_t)tail[11]) << 24;
[INFO] [stderr]   cargo:warning=      |            ~~~^~~~~~~~~~~~~~~~~~~~~~~~~~~~~
[INFO] [stderr]   cargo:warning=sparkey/src/MurmurHash3.c:301:3: note: here
[INFO] [stderr]   cargo:warning=  301 |   case 11: k2 ^= ((uint64_t)tail[10]) << 16;
[INFO] [stderr]   cargo:warning=      |   ^~~~
[INFO] [stderr]   cargo:warning=sparkey/src/MurmurHash3.c:301:15: warning: this statement may fall through [-Wimplicit-fallthrough=]
[INFO] [stderr]   cargo:warning=  301 |   case 11: k2 ^= ((uint64_t)tail[10]) << 16;
[INFO] [stderr]   cargo:warning=      |            ~~~^~~~~~~~~~~~~~~~~~~~~~~~~~~~~
[INFO] [stderr]   cargo:warning=sparkey/src/MurmurHash3.c:302:3: note: here
[INFO] [stderr]   cargo:warning=  302 |   case 10: k2 ^= ((uint64_t)tail[ 9]) << 8;
[INFO] [stderr]   cargo:warning=      |   ^~~~
[INFO] [stderr]   cargo:warning=sparkey/src/MurmurHash3.c:302:15: warning: this statement may fall through [-Wimplicit-fallthrough=]
[INFO] [stderr]   cargo:warning=  302 |   case 10: k2 ^= ((uint64_t)tail[ 9]) << 8;
[INFO] [stderr]   cargo:warning=      |            ~~~^~~~~~~~~~~~~~~~~~~~~~~~~~~~
[INFO] [stderr]   cargo:warning=sparkey/src/MurmurHash3.c:303:3: note: here
[INFO] [stderr]   cargo:warning=  303 |   case  9: k2 ^= ((uint64_t)tail[ 8]) << 0;
[INFO] [stderr]   cargo:warning=      |   ^~~~
[INFO] [stderr]   cargo:warning=sparkey/src/MurmurHash3.c:304:56: warning: this statement may fall through [-Wimplicit-fallthrough=]
[INFO] [stderr]   cargo:warning=  304 |            k2 *= c2; k2  = ROTL64(k2,33); k2 *= c1; h2 ^= k2;
[INFO] [stderr]   cargo:warning=      |                                                     ~~~^~~~~
[INFO] [stderr]   cargo:warning=sparkey/src/MurmurHash3.c:306:3: note: here
[INFO] [stderr]   cargo:warning=  306 |   case  8: k1 ^= ((uint64_t)tail[ 7]) << 56;
[INFO] [stderr]   cargo:warning=      |   ^~~~
[INFO] [stderr]   cargo:warning=sparkey/src/MurmurHash3.c:306:15: warning: this statement may fall through [-Wimplicit-fallthrough=]
[INFO] [stderr]   cargo:warning=  306 |   case  8: k1 ^= ((uint64_t)tail[ 7]) << 56;
[INFO] [stderr]   cargo:warning=      |            ~~~^~~~~~~~~~~~~~~~~~~~~~~~~~~~~
[INFO] [stderr]   cargo:warning=sparkey/src/MurmurHash3.c:307:3: note: here
[INFO] [stderr]   cargo:warning=  307 |   case  7: k1 ^= ((uint64_t)tail[ 6]) << 48;
[INFO] [stderr]   cargo:warning=      |   ^~~~
[INFO] [stderr]   cargo:warning=sparkey/src/MurmurHash3.c:307:15: warning: this statement may fall through [-Wimplicit-fallthrough=]
[INFO] [stderr]   cargo:warning=  307 |   case  7: k1 ^= ((uint64_t)tail[ 6]) << 48;
[INFO] [stderr]   cargo:warning=      |            ~~~^~~~~~~~~~~~~~~~~~~~~~~~~~~~~
[INFO] [stderr]   cargo:warning=sparkey/src/MurmurHash3.c:308:3: note: here
[INFO] [stderr]   cargo:warning=  308 |   case  6: k1 ^= ((uint64_t)tail[ 5]) << 40;
[INFO] [stderr]   cargo:warning=      |   ^~~~
[INFO] [stderr]   cargo:warning=sparkey/src/MurmurHash3.c:308:15: warning: this statement may fall through [-Wimplicit-fallthrough=]
[INFO] [stderr]   cargo:warning=  308 |   case  6: k1 ^= ((uint64_t)tail[ 5]) << 40;
[INFO] [stderr]   cargo:warning=      |            ~~~^~~~~~~~~~~~~~~~~~~~~~~~~~~~~
[INFO] [stderr]   cargo:warning=sparkey/src/MurmurHash3.c:309:3: note: here
[INFO] [stderr]   cargo:warning=  309 |   case  5: k1 ^= ((uint64_t)tail[ 4]) << 32;
[INFO] [stderr]   cargo:warning=      |   ^~~~
[INFO] [stderr]   cargo:warning=sparkey/src/MurmurHash3.c:309:15: warning: this statement may fall through [-Wimplicit-fallthrough=]
[INFO] [stderr]   cargo:warning=  309 |   case  5: k1 ^= ((uint64_t)tail[ 4]) << 32;
[INFO] [stderr]   cargo:warning=      |            ~~~^~~~~~~~~~~~~~~~~~~~~~~~~~~~~
[INFO] [stderr]   cargo:warning=sparkey/src/MurmurHash3.c:310:3: note: here
[INFO] [stderr]   cargo:warning=  310 |   case  4: k1 ^= ((uint64_t)tail[ 3]) << 24;
[INFO] [stderr]   cargo:warning=      |   ^~~~
[INFO] [stderr]   cargo:warning=sparkey/src/MurmurHash3.c:310:15: warning: this statement may fall through [-Wimplicit-fallthrough=]
[INFO] [stderr]   cargo:warning=  310 |   case  4: k1 ^= ((uint64_t)tail[ 3]) << 24;
[INFO] [stderr]   cargo:warning=      |            ~~~^~~~~~~~~~~~~~~~~~~~~~~~~~~~~
[INFO] [stderr]   cargo:warning=sparkey/src/MurmurHash3.c:311:3: note: here
[INFO] [stderr]   cargo:warning=  311 |   case  3: k1 ^= ((uint64_t)tail[ 2]) << 16;
[INFO] [stderr]   cargo:warning=      |   ^~~~
[INFO] [stderr]   cargo:warning=sparkey/src/MurmurHash3.c:311:15: warning: this statement may fall through [-Wimplicit-fallthrough=]
[INFO] [stderr]   cargo:warning=  311 |   case  3: k1 ^= ((uint64_t)tail[ 2]) << 16;
[INFO] [stderr]   cargo:warning=      |            ~~~^~~~~~~~~~~~~~~~~~~~~~~~~~~~~
[INFO] [stderr]   cargo:warning=sparkey/src/MurmurHash3.c:312:3: note: here
[INFO] [stderr]   cargo:warning=  312 |   case  2: k1 ^= ((uint64_t)tail[ 1]) << 8;
[INFO] [stderr]   cargo:warning=      |   ^~~~
[INFO] [stderr]   cargo:warning=sparkey/src/MurmurHash3.c:312:15: warning: this statement may fall through [-Wimplicit-fallthrough=]
[INFO] [stderr]   cargo:warning=  312 |   case  2: k1 ^= ((uint64_t)tail[ 1]) << 8;
[INFO] [stderr]   cargo:warning=      |            ~~~^~~~~~~~~~~~~~~~~~~~~~~~~~~~
[INFO] [stderr]   cargo:warning=sparkey/src/MurmurHash3.c:313:3: note: here
[INFO] [stderr]   cargo:warning=  313 |   case  1: k1 ^= ((uint64_t)tail[ 0]) << 0;
[INFO] [stderr]   cargo:warning=      |   ^~~~
[INFO] [stderr]   exit code: 0
[INFO] [stderr]   TARGET = Some("x86_64-unknown-linux-gnu")
[INFO] [stderr]   OPT_LEVEL = Some("0")
[INFO] [stderr]   TARGET = Some("x86_64-unknown-linux-gnu")
[INFO] [stderr]   HOST = Some("x86_64-unknown-linux-gnu")
[INFO] [stderr]   TARGET = Some("x86_64-unknown-linux-gnu")
[INFO] [stderr]   TARGET = Some("x86_64-unknown-linux-gnu")
[INFO] [stderr]   HOST = Some("x86_64-unknown-linux-gnu")
[INFO] [stderr]   CC_x86_64-unknown-linux-gnu = None
[INFO] [stderr]   CC_x86_64_unknown_linux_gnu = None
[INFO] [stderr]   HOST_CC = None
[INFO] [stderr]   CC = None
[INFO] [stderr]   HOST = Some("x86_64-unknown-linux-gnu")
[INFO] [stderr]   TARGET = Some("x86_64-unknown-linux-gnu")
[INFO] [stderr]   HOST = Some("x86_64-unknown-linux-gnu")
[INFO] [stderr]   CFLAGS_x86_64-unknown-linux-gnu = None
[INFO] [stderr]   CFLAGS_x86_64_unknown_linux_gnu = None
[INFO] [stderr]   HOST_CFLAGS = None
[INFO] [stderr]   CFLAGS = None
[INFO] [stderr]   DEBUG = Some("true")
[INFO] [stderr]   running: "cc" "-O0" "-ffunction-sections" "-fdata-sections" "-fPIC" "-g" "-m64" "-I" "sparkey/src" "-std=c99" "-Wall" "-Wextra" "-o" "/opt/rustwide/target/debug/build/sparkey-sys-10a3ae4ab81fa78b/out/sparkey/src/buf.o" "-c" "sparkey/src/buf.c"
[INFO] [stderr]   exit code: 0
[INFO] [stderr]   TARGET = Some("x86_64-unknown-linux-gnu")
[INFO] [stderr]   OPT_LEVEL = Some("0")
[INFO] [stderr]   TARGET = Some("x86_64-unknown-linux-gnu")
[INFO] [stderr]   HOST = Some("x86_64-unknown-linux-gnu")
[INFO] [stderr]   TARGET = Some("x86_64-unknown-linux-gnu")
[INFO] [stderr]   TARGET = Some("x86_64-unknown-linux-gnu")
[INFO] [stderr]   HOST = Some("x86_64-unknown-linux-gnu")
[INFO] [stderr]   CC_x86_64-unknown-linux-gnu = None
[INFO] [stderr]   CC_x86_64_unknown_linux_gnu = None
[INFO] [stderr]   HOST_CC = None
[INFO] [stderr]   CC = None
[INFO] [stderr]   HOST = Some("x86_64-unknown-linux-gnu")
[INFO] [stderr]   TARGET = Some("x86_64-unknown-linux-gnu")
[INFO] [stderr]   HOST = Some("x86_64-unknown-linux-gnu")
[INFO] [stderr]   CFLAGS_x86_64-unknown-linux-gnu = None
[INFO] [stderr]   CFLAGS_x86_64_unknown_linux_gnu = None
[INFO] [stderr]   HOST_CFLAGS = None
[INFO] [stderr]   CFLAGS = None
[INFO] [stderr]   DEBUG = Some("true")
[INFO] [stderr]   running: "cc" "-O0" "-ffunction-sections" "-fdata-sections" "-fPIC" "-g" "-m64" "-I" "sparkey/src" "-std=c99" "-Wall" "-Wextra" "-o" "/opt/rustwide/target/debug/build/sparkey-sys-10a3ae4ab81fa78b/out/sparkey/src/endiantools.o" "-c" "sparkey/src/endiantools.c"
[INFO] [stderr]   exit code: 0
[INFO] [stderr]   TARGET = Some("x86_64-unknown-linux-gnu")
[INFO] [stderr]   OPT_LEVEL = Some("0")
[INFO] [stderr]   TARGET = Some("x86_64-unknown-linux-gnu")
[INFO] [stderr]   HOST = Some("x86_64-unknown-linux-gnu")
[INFO] [stderr]   TARGET = Some("x86_64-unknown-linux-gnu")
[INFO] [stderr]   TARGET = Some("x86_64-unknown-linux-gnu")
[INFO] [stderr]   HOST = Some("x86_64-unknown-linux-gnu")
[INFO] [stderr]   CC_x86_64-unknown-linux-gnu = None
[INFO] [stderr]   CC_x86_64_unknown_linux_gnu = None
[INFO] [stderr]   HOST_CC = None
[INFO] [stderr]   CC = None
[INFO] [stderr]   HOST = Some("x86_64-unknown-linux-gnu")
[INFO] [stderr]   TARGET = Some("x86_64-unknown-linux-gnu")
[INFO] [stderr]   HOST = Some("x86_64-unknown-linux-gnu")
[INFO] [stderr]   CFLAGS_x86_64-unknown-linux-gnu = None
[INFO] [stderr]   CFLAGS_x86_64_unknown_linux_gnu = None
[INFO] [stderr]   HOST_CFLAGS = None
[INFO] [stderr]   CFLAGS = None
[INFO] [stderr]   DEBUG = Some("true")
[INFO] [stderr]   running: "cc" "-O0" "-ffunction-sections" "-fdata-sections" "-fPIC" "-g" "-m64" "-I" "sparkey/src" "-std=c99" "-Wall" "-Wextra" "-o" "/opt/rustwide/target/debug/build/sparkey-sys-10a3ae4ab81fa78b/out/sparkey/src/hashalgorithms.o" "-c" "sparkey/src/hashalgorithms.c"
[INFO] [stderr]   exit code: 0
[INFO] [stderr]   TARGET = Some("x86_64-unknown-linux-gnu")
[INFO] [stderr]   OPT_LEVEL = Some("0")
[INFO] [stderr]   TARGET = Some("x86_64-unknown-linux-gnu")
[INFO] [stderr]   HOST = Some("x86_64-unknown-linux-gnu")
[INFO] [stderr]   TARGET = Some("x86_64-unknown-linux-gnu")
[INFO] [stderr]   TARGET = Some("x86_64-unknown-linux-gnu")
[INFO] [stderr]   HOST = Some("x86_64-unknown-linux-gnu")
[INFO] [stderr]   CC_x86_64-unknown-linux-gnu = None
[INFO] [stderr]   CC_x86_64_unknown_linux_gnu = None
[INFO] [stderr]   HOST_CC = None
[INFO] [stderr]   CC = None
[INFO] [stderr]   HOST = Some("x86_64-unknown-linux-gnu")
[INFO] [stderr]   TARGET = Some("x86_64-unknown-linux-gnu")
[INFO] [stderr]   HOST = Some("x86_64-unknown-linux-gnu")
[INFO] [stderr]   CFLAGS_x86_64-unknown-linux-gnu = None
[INFO] [stderr]   CFLAGS_x86_64_unknown_linux_gnu = None
[INFO] [stderr]   HOST_CFLAGS = None
[INFO] [stderr]   CFLAGS = None
[INFO] [stderr]   DEBUG = Some("true")
[INFO] [stderr]   running: "cc" "-O0" "-ffunction-sections" "-fdata-sections" "-fPIC" "-g" "-m64" "-I" "sparkey/src" "-std=c99" "-Wall" "-Wextra" "-o" "/opt/rustwide/target/debug/build/sparkey-sys-10a3ae4ab81fa78b/out/sparkey/src/hashheader.o" "-c" "sparkey/src/hashheader.c"
[INFO] [stderr]   exit code: 0
[INFO] [stderr]   TARGET = Some("x86_64-unknown-linux-gnu")
[INFO] [stderr]   OPT_LEVEL = Some("0")
[INFO] [stderr]   TARGET = Some("x86_64-unknown-linux-gnu")
[INFO] [stderr]   HOST = Some("x86_64-unknown-linux-gnu")
[INFO] [stderr]   TARGET = Some("x86_64-unknown-linux-gnu")
[INFO] [stderr]   TARGET = Some("x86_64-unknown-linux-gnu")
[INFO] [stderr]   HOST = Some("x86_64-unknown-linux-gnu")
[INFO] [stderr]   CC_x86_64-unknown-linux-gnu = None
[INFO] [stderr]   CC_x86_64_unknown_linux_gnu = None
[INFO] [stderr]   HOST_CC = None
[INFO] [stderr]   CC = None
[INFO] [stderr]   HOST = Some("x86_64-unknown-linux-gnu")
[INFO] [stderr]   TARGET = Some("x86_64-unknown-linux-gnu")
[INFO] [stderr]   HOST = Some("x86_64-unknown-linux-gnu")
[INFO] [stderr]   CFLAGS_x86_64-unknown-linux-gnu = None
[INFO] [stderr]   CFLAGS_x86_64_unknown_linux_gnu = None
[INFO] [stderr]   HOST_CFLAGS = None
[INFO] [stderr]   CFLAGS = None
[INFO] [stderr]   DEBUG = Some("true")
[INFO] [stderr]   running: "cc" "-O0" "-ffunction-sections" "-fdata-sections" "-fPIC" "-g" "-m64" "-I" "sparkey/src" "-std=c99" "-Wall" "-Wextra" "-o" "/opt/rustwide/target/debug/build/sparkey-sys-10a3ae4ab81fa78b/out/sparkey/src/hashiter.o" "-c" "sparkey/src/hashiter.c"
[INFO] [stderr]   exit code: 0
[INFO] [stderr]   TARGET = Some("x86_64-unknown-linux-gnu")
[INFO] [stderr]   OPT_LEVEL = Some("0")
[INFO] [stderr]   TARGET = Some("x86_64-unknown-linux-gnu")
[INFO] [stderr]   HOST = Some("x86_64-unknown-linux-gnu")
[INFO] [stderr]   TARGET = Some("x86_64-unknown-linux-gnu")
[INFO] [stderr]   TARGET = Some("x86_64-unknown-linux-gnu")
[INFO] [stderr]   HOST = Some("x86_64-unknown-linux-gnu")
[INFO] [stderr]   CC_x86_64-unknown-linux-gnu = None
[INFO] [stderr]   CC_x86_64_unknown_linux_gnu = None
[INFO] [stderr]   HOST_CC = None
[INFO] [stderr]   CC = None
[INFO] [stderr]   HOST = Some("x86_64-unknown-linux-gnu")
[INFO] [stderr]   TARGET = Some("x86_64-unknown-linux-gnu")
[INFO] [stderr]   HOST = Some("x86_64-unknown-linux-gnu")
[INFO] [stderr]   CFLAGS_x86_64-unknown-linux-gnu = None
[INFO] [stderr]   CFLAGS_x86_64_unknown_linux_gnu = None
[INFO] [stderr]   HOST_CFLAGS = None
[INFO] [stderr]   CFLAGS = None
[INFO] [stderr]   DEBUG = Some("true")
[INFO] [stderr]   running: "cc" "-O0" "-ffunction-sections" "-fdata-sections" "-fPIC" "-g" "-m64" "-I" "sparkey/src" "-std=c99" "-Wall" "-Wextra" "-o" "/opt/rustwide/target/debug/build/sparkey-sys-10a3ae4ab81fa78b/out/sparkey/src/hashreader.o" "-c" "sparkey/src/hashreader.c"
[INFO] [stderr]   exit code: 0
[INFO] [stderr]   TARGET = Some("x86_64-unknown-linux-gnu")
[INFO] [stderr]   OPT_LEVEL = Some("0")
[INFO] [stderr]   TARGET = Some("x86_64-unknown-linux-gnu")
[INFO] [stderr]   HOST = Some("x86_64-unknown-linux-gnu")
[INFO] [stderr]   TARGET = Some("x86_64-unknown-linux-gnu")
[INFO] [stderr]   TARGET = Some("x86_64-unknown-linux-gnu")
[INFO] [stderr]   HOST = Some("x86_64-unknown-linux-gnu")
[INFO] [stderr]   CC_x86_64-unknown-linux-gnu = None
[INFO] [stderr]   CC_x86_64_unknown_linux_gnu = None
[INFO] [stderr]   HOST_CC = None
[INFO] [stderr]   CC = None
[INFO] [stderr]   HOST = Some("x86_64-unknown-linux-gnu")
[INFO] [stderr]   TARGET = Some("x86_64-unknown-linux-gnu")
[INFO] [stderr]   HOST = Some("x86_64-unknown-linux-gnu")
[INFO] [stderr]   CFLAGS_x86_64-unknown-linux-gnu = None
[INFO] [stderr]   CFLAGS_x86_64_unknown_linux_gnu = None
[INFO] [stderr]   HOST_CFLAGS = None
[INFO] [stderr]   CFLAGS = None
[INFO] [stderr]   DEBUG = Some("true")
[INFO] [stderr]   running: "cc" "-O0" "-ffunction-sections" "-fdata-sections" "-fPIC" "-g" "-m64" "-I" "sparkey/src" "-std=c99" "-Wall" "-Wextra" "-o" "/opt/rustwide/target/debug/build/sparkey-sys-10a3ae4ab81fa78b/out/sparkey/src/hashwriter.o" "-c" "sparkey/src/hashwriter.c"
[INFO] [stderr]   exit code: 0
[INFO] [stderr]   TARGET = Some("x86_64-unknown-linux-gnu")
[INFO] [stderr]   OPT_LEVEL = Some("0")
[INFO] [stderr]   TARGET = Some("x86_64-unknown-linux-gnu")
[INFO] [stderr]   HOST = Some("x86_64-unknown-linux-gnu")
[INFO] [stderr]   TARGET = Some("x86_64-unknown-linux-gnu")
[INFO] [stderr]   TARGET = Some("x86_64-unknown-linux-gnu")
[INFO] [stderr]   HOST = Some("x86_64-unknown-linux-gnu")
[INFO] [stderr]   CC_x86_64-unknown-linux-gnu = None
[INFO] [stderr]   CC_x86_64_unknown_linux_gnu = None
[INFO] [stderr]   HOST_CC = None
[INFO] [stderr]   CC = None
[INFO] [stderr]   HOST = Some("x86_64-unknown-linux-gnu")
[INFO] [stderr]   TARGET = Some("x86_64-unknown-linux-gnu")
[INFO] [stderr]   HOST = Some("x86_64-unknown-linux-gnu")
[INFO] [stderr]   CFLAGS_x86_64-unknown-linux-gnu = None
[INFO] [stderr]   CFLAGS_x86_64_unknown_linux_gnu = None
[INFO] [stderr]   HOST_CFLAGS = None
[INFO] [stderr]   CFLAGS = None
[INFO] [stderr]   DEBUG = Some("true")
[INFO] [stderr]   running: "cc" "-O0" "-ffunction-sections" "-fdata-sections" "-fPIC" "-g" "-m64" "-I" "sparkey/src" "-std=c99" "-Wall" "-Wextra" "-o" "/opt/rustwide/target/debug/build/sparkey-sys-10a3ae4ab81fa78b/out/sparkey/src/logheader.o" "-c" "sparkey/src/logheader.c"
[INFO] [stderr]   exit code: 0
[INFO] [stderr]   TARGET = Some("x86_64-unknown-linux-gnu")
[INFO] [stderr]   OPT_LEVEL = Some("0")
[INFO] [stderr]   TARGET = Some("x86_64-unknown-linux-gnu")
[INFO] [stderr]   HOST = Some("x86_64-unknown-linux-gnu")
[INFO] [stderr]   TARGET = Some("x86_64-unknown-linux-gnu")
[INFO] [stderr]   TARGET = Some("x86_64-unknown-linux-gnu")
[INFO] [stderr]   HOST = Some("x86_64-unknown-linux-gnu")
[INFO] [stderr]   CC_x86_64-unknown-linux-gnu = None
[INFO] [stderr]   CC_x86_64_unknown_linux_gnu = None
[INFO] [stderr]   HOST_CC = None
[INFO] [stderr]   CC = None
[INFO] [stderr]   HOST = Some("x86_64-unknown-linux-gnu")
[INFO] [stderr]   TARGET = Some("x86_64-unknown-linux-gnu")
[INFO] [stderr]   HOST = Some("x86_64-unknown-linux-gnu")
[INFO] [stderr]   CFLAGS_x86_64-unknown-linux-gnu = None
[INFO] [stderr]   CFLAGS_x86_64_unknown_linux_gnu = None
[INFO] [stderr]   HOST_CFLAGS = None
[INFO] [stderr]   CFLAGS = None
[INFO] [stderr]   DEBUG = Some("true")
[INFO] [stderr]   running: "cc" "-O0" "-ffunction-sections" "-fdata-sections" "-fPIC" "-g" "-m64" "-I" "sparkey/src" "-std=c99" "-Wall" "-Wextra" "-o" "/opt/rustwide/target/debug/build/sparkey-sys-10a3ae4ab81fa78b/out/sparkey/src/logreader.o" "-c" "sparkey/src/logreader.c"
[INFO] [stderr]   cargo:warning=sparkey/src/logreader.c:24:10: fatal error: snappy-c.h: No such file or directory
[INFO] [stderr]   cargo:warning=   24 | #include <snappy-c.h>
[INFO] [stderr]   cargo:warning=      |          ^~~~~~~~~~~~
[INFO] [stderr]   cargo:warning=compilation terminated.
[INFO] [stderr]   exit code: 1
[INFO] [stderr] 
[INFO] [stderr]   --- stderr
[INFO] [stderr]   thread 'main' panicked at '
[INFO] [stderr] 
[INFO] [stderr]   Internal error occurred: Command "cc" "-O0" "-ffunction-sections" "-fdata-sections" "-fPIC" "-g" "-m64" "-I" "sparkey/src" "-std=c99" "-Wall" "-Wextra" "-o" "/opt/rustwide/target/debug/build/sparkey-sys-10a3ae4ab81fa78b/out/sparkey/src/logreader.o" "-c" "sparkey/src/logreader.c" with args "cc" did not execute successfully (status code exit code: 1).
[INFO] [stderr] 
[INFO] [stderr]   ', /opt/rustwide/cargo-home/registry/src/github.com-1ecc6299db9ec823/gcc-0.3.55/src/lib.rs:1672:5
[INFO] [stderr]   stack backtrace:
[INFO] [stderr]      0:     0x5640a10a4695 - backtrace::backtrace::libunwind::trace::h5e2646fa3eddf2ea
[INFO] [stderr]                                  at /cargo/registry/src/github.com-1ecc6299db9ec823/backtrace-0.3.46/src/backtrace/libunwind.rs:86
[INFO] [stderr]      1:     0x5640a10a4695 - backtrace::backtrace::trace_unsynchronized::hb95dd7f77ce47877
[INFO] [stderr]                                  at /cargo/registry/src/github.com-1ecc6299db9ec823/backtrace-0.3.46/src/backtrace/mod.rs:66
[INFO] [stderr]      2:     0x5640a10a4695 - std::sys_common::backtrace::_print_fmt::h5e71b67af43fd70d
[INFO] [stderr]                                  at src/libstd/sys_common/backtrace.rs:78
[INFO] [stderr]      3:     0x5640a10a4695 - <std::sys_common::backtrace::_print::DisplayBacktrace as core::fmt::Display>::fmt::hdb4a83d2b61107e5
[INFO] [stderr]                                  at src/libstd/sys_common/backtrace.rs:59
[INFO] [stderr]      4:     0x5640a10c8f7c - core::fmt::write::ha20e7262fa3e8a7a
[INFO] [stderr]                                  at src/libcore/fmt/mod.rs:1076
[INFO] [stderr]      5:     0x5640a10a08e2 - std::io::Write::write_fmt::h1aebfe8a5a79e36d
[INFO] [stderr]                                  at src/libstd/io/mod.rs:1537
[INFO] [stderr]      6:     0x5640a10a6e20 - std::sys_common::backtrace::_print::h9c07314cc66ba539
[INFO] [stderr]                                  at src/libstd/sys_common/backtrace.rs:62
[INFO] [stderr]      7:     0x5640a10a6e20 - std::sys_common::backtrace::print::hd1fd65f49a2d8544
[INFO] [stderr]                                  at src/libstd/sys_common/backtrace.rs:49
[INFO] [stderr]      8:     0x5640a10a6e20 - std::panicking::default_hook::{{closure}}::h222da46485ab36fc
[INFO] [stderr]                                  at src/libstd/panicking.rs:198
[INFO] [stderr]      9:     0x5640a10a6b6c - std::panicking::default_hook::hc5868949d129ed00
[INFO] [stderr]                                  at src/libstd/panicking.rs:217
[INFO] [stderr]     10:     0x5640a10a7463 - std::panicking::rust_panic_with_hook::h26a6ab8b0993c0c8
[INFO] [stderr]                                  at src/libstd/panicking.rs:526
[INFO] [stderr]     11:     0x5640a10a705b - rust_begin_unwind
[INFO] [stderr]                                  at src/libstd/panicking.rs:437
[INFO] [stderr]     12:     0x5640a10a6fcb - std::panicking::begin_panic_fmt::h2ff295231415d4a6
[INFO] [stderr]                                  at src/libstd/panicking.rs:391
[INFO] [stderr]     13:     0x5640a106db77 - gcc::fail::h848aef746e246696
[INFO] [stderr]                                  at /opt/rustwide/cargo-home/registry/src/github.com-1ecc6299db9ec823/gcc-0.3.55/src/lib.rs:1672
[INFO] [stderr]     14:     0x5640a105f88e - gcc::Build::compile::h0416fbdbcd69d343
[INFO] [stderr]                                  at /opt/rustwide/cargo-home/registry/src/github.com-1ecc6299db9ec823/gcc-0.3.55/src/lib.rs:785
[INFO] [stderr]     15:     0x5640a105b527 - build_script_build::main::hc34ba43b24596ae1
[INFO] [stderr]                                  at /opt/rustwide/cargo-home/registry/src/github.com-1ecc6299db9ec823/sparkey-sys-0.1.1/build.rs:5
[INFO] [stderr]     16:     0x5640a105b65b - std::rt::lang_start::{{closure}}::he60715d9af0a9f19
[INFO] [stderr]                                  at /rustc/cfbc6d4cf1acbac5c025acf8ed68929caa551df3/src/libstd/rt.rs:67
[INFO] [stderr]     17:     0x5640a10a7833 - std::rt::lang_start_internal::{{closure}}::h84a998219831fa70
[INFO] [stderr]                                  at src/libstd/rt.rs:52
[INFO] [stderr]     18:     0x5640a10a7833 - std::panicking::try::do_call::he8e1d689a3e26def
[INFO] [stderr]                                  at src/libstd/panicking.rs:348
[INFO] [stderr]     19:     0x5640a10a7833 - std::panicking::try::h264b6eebc2fa7bbf
[INFO] [stderr]                                  at src/libstd/panicking.rs:325
[INFO] [stderr]     20:     0x5640a10a7833 - std::panic::catch_unwind::hbf28fafa723b2128
[INFO] [stderr]                                  at src/libstd/panic.rs:394
[INFO] [stderr]     21:     0x5640a10a7833 - std::rt::lang_start_internal::he959aa59bc3ec202
[INFO] [stderr]                                  at src/libstd/rt.rs:51
[INFO] [stderr]     22:     0x5640a105b637 - std::rt::lang_start::he4fbbe181a5c22f1
[INFO] [stderr]                                  at /rustc/cfbc6d4cf1acbac5c025acf8ed68929caa551df3/src/libstd/rt.rs:67
[INFO] [stderr]     23:     0x5640a105b58a - main
[INFO] [stderr]     24:     0x7fc344d6d0b3 - __libc_start_main
[INFO] [stderr]     25:     0x5640a105b19e - _start
[INFO] [stderr]     26:                0x0 - <unknown>
[INFO] running `Command { std: "docker" "inspect" "1db43d3aaa40d7c6d7844603a365d94c557b407e317e17723df61db5e7615fc4", kill_on_drop: false }`
[INFO] running `Command { std: "docker" "rm" "-f" "1db43d3aaa40d7c6d7844603a365d94c557b407e317e17723df61db5e7615fc4", kill_on_drop: false }`
[INFO] [stdout] 1db43d3aaa40d7c6d7844603a365d94c557b407e317e17723df61db5e7615fc4
